*y - 184. Suppose 2*u - 18 = -g + 135, 2*u = 2*g + 138. Let t = y + u. What is the remainder when t is divided by 10?
8
Let l be -1*-2*7*1. Suppose 2*i - l = -6. What is the remainder when (-1 + 0)*(-6 - 0) is divided by i?
2
Let p(u) = -u**2 + 3*u + 4. Let o be p(4). Let d(q) = -q**3 + q**2 + q + 25. Suppose 0 = -2*z + 5*z - 39. Calculate the remainder when d(o) is divided by z.
12
Let d = 3 + 25. Let k = 12 - -3. What is the remainder when d is divided by k?
13
Let o(w) = w + 29. Calculate the remainder when 20 is divided by o(-17).
8
Let q = 48 - 38. Calculate the remainder when 67 is divided by q.
7
Suppose 0 = 2*n - 15 - 21. Calculate the remainder when 40 is divided by n.
4
What is the remainder when -1*2/(-6)*54 is divided by 5?
3
Let a = 47 - 29. What is the remainder when 10654/154 - 2/11 is divided by a?
15
Let a(b) = -b**3 + 9*b**2 - 4*b + 6. Let c be a(9). Let z be (-1)/((-116)/118 - -1). Let m = c - z. Calculate the remainder when m is divided by 10.
9
Let v = -20 - -39. What is the remainder when v is divided by 10?
9
Suppose 2*m + 2*h - 45 = 5, -3*m - 2*h = -80. Let q be 1/(-1) + -1 - -149. Calculate the remainder when m is divided by 2/(-6) + q/9.
14
Let r(u) = -12*u - 4. Suppose -5*p + 94 + 106 = 0. Let f be p/15*6/(-4). Calculate the remainder when r(f) is divided by 23.
21
Suppose 4*g = v - 1, 3*v + 16 - 67 = -4*g. Calculate the remainder when 35 is divided by v.
9
Let n = -98 - 17. Let v = -31 - n. What is the remainder when v is divided by 17?
16
Let q(f) = 8*f**3 - f**2 + f. Let w = 4 + -1. Suppose -10 - 47 = -4*o - d, -w*o - 4*d = -33. What is the remainder when o is divided by q(1)?
7
Let h be 39/6 - 2/4. Suppose -h*l = -l. Suppose l*g + g = 7. What is the remainder when 19 is divided by g?
5
Suppose 2 = u + 68. Suppose -4 = -o + 2*k + 10, -5*k = 2*o + 8. Calculate the remainder when (-1)/(u/(-34) + -2) is divided by o.
5
Suppose 3*s + 2*y - 70 = -0*s, -2*s + 52 = -4*y. Calculate the remainder when s is divided by 14.
10
Let y(s) = s**3 - 3*s**2 - 6*s + 6. Let n be y(4). Let g be (-5)/n*16/20. What is the remainder when 9 is divided by g - (-2 + 2) - -3?
4
Suppose 5*y - 2*x - 328 = 2*x, 0 = -5*y + x + 337. Calculate the remainder when 26 is divided by y/10 + (-2)/(-10).
5
Let u(m) = m - 2. Let j be u(5). Suppose 5*i + 2*q + 521 = 0, j*i = 4*q - 3*q - 317. Calculate the remainder when 28 is divided by (0 - -1)*i/(-7).
13
Suppose g - 4*l = 6*g - 52, -g + 11 = l. What is the remainder when g is divided by 3?
2
Suppose -45 = -2*a + r + 44, -129 = -3*a + 3*r. Calculate the remainder when a is divided by 22.
2
Let f be 3/(-9) - (-128)/6. What is the remainder when 43 is divided by (-7)/f - (-134)/6?
21
Let u(t) = -2*t**3 + 5*t**2 - 3*t - 1. Let k be u(4). Let z = k + 40. Let n = z + 44. Calculate the remainder when 68 is divided by n.
22
Suppose 3*l = 3*d, -d + 0 = 3*l + 8. What is the remainder when 2820/54 - d/(-9) is divided by 27?
25
Let r be (1/3)/((-1)/(-9)). Suppose -7*y = -r*y - 8. Calculate the remainder when 13 is divided by (2/4)/(y/20).
3
Suppose 3*f - m - 3*m - 122 = 0, -19 = -f - 3*m. Calculate the remainder when f is divided by 6.
4
Let q(j) = -j**3 - 3*j**2 + 5*j - 7. What is the remainder when 69 is divided by q(-5)?
15
Let d be (-12)/9*(-12)/(-8). Calculate the remainder when (-4)/(d/1) + 27 is divided by 6.
5
Suppose 2*z + 2*z = 60. Let g = z + -4. What is the remainder when (-2)/(2/(-23)) + -2 is divided by g?
10
Let d be 2/1 - (-5 + 3). Let m = 9 - d. Calculate the remainder when 17 is divided by m.
2
Suppose p = 4*p - 39. Let t(z) = 11*z + 4. Suppose 0*n = -3*n + 9. What is the remainder when t(n) is divided by p?
11
Let y be 1*(3 - 3) + 3. Suppose 0 = -5*i + 3*s + 144, -3*s = y*i - 9 - 63. Calculate the remainder when i is divided by 6.
3
Let a(c) = c**2 - 2*c - 4. Let h be a(4). Calculate the remainder when 22 is divided by (9/h)/((-18)/(-48)).
4
Suppose 0 = 4*z - 4*g + g - 11, -3 = -4*z - 5*g. Suppose h + 0*h = z. Suppose 19 - 53 = -h*k. Calculate the remainder when 49 is divided by k.
15
Let l(m) = 14*m**3 + m. Let p = 5 + -1. Suppose p*k + 1 = 5*k - 5*r, k - 4*r = 1. What is the remainder when l(k) is divided by 8?
7
Let c(x) = 2*x**2 + 14*x - 7. Let u be c(-8). Suppose 5*r + 192 = u*r. Calculate the remainder when r is divided by 25.
23
Let m = 8 - 8. Suppose -t = 2 - m, 5*t - 11 = -g. Let d = -40 - -101. What is the remainder when d is divided by g?
19
Let c = 21 - 11. What is the remainder when 28 is divided by c?
8
Let n = 19 - 33. Let c = 51 + n. What is the remainder when c is divided by 13?
11
Let c(p) = -p**2 + 15*p + 15. What is the remainder when c(13) is divided by 11?
8
Suppose -5*b + 3 = -m, -m = -0*m + 2*b - 32. Let z = m + 7. What is the remainder when z is divided by 51/5 - 3/15?
9
Let z(x) be the first derivative of 2 + 11/2*x**2 - 7*x + 2/3*x**3. Calculate the remainder when z(-8) is divided by 9.
6
Suppose o + 0*z + 16 = 4*z, 2*o + 4*z = 28. Suppose o*u - 5*u = -4. What is the remainder when 7 is divided by u?
3
Calculate the remainder when 27 is divided by (-20)/3*63/(-42).
7
Let q(u) be the third derivative of u**6/120 - 3*u**5/20 - 7*u**4/24 - u**3 - 2*u**2. Calculate the remainder when 47 is divided by q(10).
23
Let o(z) = z + 3. Let x = 21 + -13. Suppose -2*q + 33 = n, 2*q - x = 4*n + 40. What is the remainder when q is divided by o(4)?
4
Calculate the remainder when (-14 + 3)/(3/(-6) - 0) is divided by 8.
6
Suppose -5*m + 4 + 124 = -k, 4*m + 2*k = 94. What is the remainder when 124 is divided by m?
24
Suppose 5*f - 25 = -0. What is the remainder when 8 is divided by f?
3
Suppose -4 = -5*q + 4*q. Suppose -q*x = x - 85. Calculate the remainder when 2/3 + 148/3 is divided by x.
16
Let o = -6 - 8. What is the remainder when o/(-4) + (-1)/(-2) is divided by 3?
1
Suppose 2*w - 14 = 4*k, 4*w - k = -2*k + 1. Let a = w + -1. Calculate the remainder when 12 is divided by (a - 3)*(-35)/15.
5
Suppose 8 = g - k, 2*g - k = 5 + 10. Let s(h) = -h + 6. Let d(c) = 2*c - 12. Let p(b) = -3*d(b) - 7*s(b). Calculate the remainder when 3 is divided by p(g).
0
Suppose -4*j = -9*j + 5. Calculate the remainder when j is divided by 1.
0
Let y(f) = 9*f - 3. Suppose 107 = 5*j - 538. Suppose 2*h - j = -h. What is the remainder when h is divided by y(2)?
13
Let j = 6 - 4. Suppose -j*l + 213 = l. Calculate the remainder when l is divided by 24.
23
Let v(n) = n**3 - 7*n**2 + 5*n + 3. Let i be v(6). Let x = 7 - i. What is the remainder when -38*(4/18 + 52/(-72)) is divided by x?
9
Suppose -4*d + 15 + 1 = -a, -5*a = -3*d - 5. Calculate the remainder when 18 is divided by a.
2
Let q = -2 - -17. Calculate the remainder when q is divided by 11.
4
Let v(w) be the second derivative of w**4/6 + w**3/3 - 9*w**2/2 + 3*w. What is the remainder when 29 is divided by v(-4)?
14
Let d = 11 - 7. Let h = 4 + -4. Suppose -d*w + 4*v + 28 = h, -2*w + 4*v + 0*v = -8. Calculate the remainder when w is divided by 6.
4
Let b(k) = -k**3 + 5*k**2 - 4*k + 3. Let g = 7 - 4. Calculate the remainder when 17 is divided by b(g).
8
Let q(r) = -r + 5. What is the remainder when 141 is divided by q(-13)?
15
Let y be 3 - 2/6*0. Suppose 124 = 5*n - 4*m + m, -2*n + y*m + 46 = 0. What is the remainder when n is divided by 14?
12
Calculate the remainder when ((-3)/1)/((-4)/52) is divided by 10.
9
Let a be (-3)/9 + 19/3. Let c = -3 + a. Suppose 5*o - 13 - 12 = 0. What is the remainder when o is divided by c?
2
Let t be (-1)/((-3)/9*1). Suppose -p = 3*x - 7, -p = -t*x + 4*x - 17. Calculate the remainder when p is divided by 8.
6
Let j(y) = 4*y - 4 + 5 - 2*y. Let g be j(6). Suppose s - 16 = g. Calculate the remainder when s is divided by 10.
9
Let g = 2 + 3. Let m(i) = 2*i**2 - 10*i - 1. Let j(o) = 4*o**2 - 21*o - 2. Let b(f) = -4*j(f) + 9*m(f). Calculate the remainder when b(g) is divided by 10.
9
Suppose 35 = 5*z + 5*k + 10, k - 6 = -2*z. Suppose m = -3*m + 56. Calculate the remainder when (82/(-4))/(z/(-2)) is divided by m.
13
Let g be 6/(-9) + (-118)/(-6). Let o = -35 - -23. Let s = g + o. What is the remainder when 20 is divided by s?
6
Suppose -z - 3*z = 0. Suppose -k + 6*k - 250 = z. What is the remainder when k is divided by 13?
11
Suppose -88 = -3*r - 2*z, r + 4*z - 16 = -0*r. What is the remainder when 222 is divided by r?
30
Suppose 